greatest common factor of m and 6?
3
Suppose 3*f + 4*g - 5341 = 12117, -f + 5830 = -4*g. Calculate the highest common divisor of f and 164.
82
Let d = 325 + -320. Let c = 220 - 65. Calculate the greatest common divisor of c and d.
5
Let m(o) = -o**3 + 10*o**2 + 220*o - 2351. Let d be m(13). Let x = 16 + 2. What is the greatest common divisor of x and d?
2
Let p = -46 + 64. Let g be (-88)/(-32) - (-9)/(-12). Calculate the greatest common divisor of p and g.
2
Let u be (4/4)/((-3)/(-15)). Suppose 0 = u*h + 258 - 708. Suppose -9*g + 72 = -18. Calculate the greatest common factor of g and h.
10
Suppose -2*d = 3*n + 1 - 5, 5*d + n = 36. Suppose 31*f = d*f + 6762. Calculate the greatest common divisor of 6 and f.
6
Suppose -16 = -5*a + 3*i, -2*i = 4*a - 5*a + 6. Let h be (a - 7/3)*-156. Let b = 24 - 11. Calculate the highest common divisor of b and h.
13
Suppose -5*a + 13 = -2*q + 9, -a + 2*q + 4 = 0. Let i be ((-100)/(-2) + a)*(-23)/(-46). Let s = i + -11. Calculate the greatest common factor of 238 and s.
14
Suppose -4*b + 370 = 2*t, 795 = 4*t + 15*b - 18*b. What is the highest common divisor of t and 2535?
195
Let g(z) = z**3 - 3*z**2 + 6*z - 10. Let r be g(3). Suppose -4 = 6*s - 5*s, 0 = -b + 2*s + 10. Calculate the highest common factor of b and r.
2
Suppose -8*o + 396 = 4*k - 3*o, 2*k - 5*o - 198 = 0. Let s = 203 - k. Calculate the highest common divisor of 8 and s.
8
Let w be (4 + 89/(-1))*-1. Let p = 180 - w. Suppose -c + 2*m + 36 = 0, -3*c + 4*m = 6*m - 116. Calculate the greatest common divisor of c and p.
19
Let j be (512/24)/4*(-30)/(-40) - -7. Suppose -4*x = -3*x + 101. Let m = 156 + x. Calculate the greatest common divisor of j and m.
11
Let s be (4 + 3 + -6)*9. Suppose 5*o - 6 + 1 = 0, 3*n = 3*o + 15. Let m be (3 - n)/(-2 + 1). What is the greatest common divisor of m and s?
3
Suppose -9*o = -216 + 54. Let l = -31 + 229. Calculate the greatest common divisor of o and l.
18
Let q be 0 + 1*3 - (-35 + -47 + -8427). Calculate the greatest common divisor of q and 133.
133
Suppose -4*p = 5*g - 1065, 2*g = 476*p - 473*p + 449. What is the highest common factor of g and 744?
31
Let w(d) = -3*d**3 - 116*d**2 + 23*d - 129. Let r be w(-39). What is the greatest common divisor of r and 880?
55
Let s be (7/((-42)/48))/(-1 + -1). Let f be (4 - -20) + (2 - (s + -1)). Let i = -17 + f. What is the highest common factor of i and 15?
3
Let c(v) = 9*v + 121. Let x be c(-13). Suppose x*p - 3*t - 55 = 0, -4*t + 7 = 3*p - 3. What is the highest common factor of 8 and p?
2
Suppose -4*q + 176 = 2*g, -3*q + 93 = -0*q - 5*g. What is the highest common factor of q and 3649?
41
Let y(k) = -k**3 - 110*k**2 + 341*k + 492. Let l be y(-113). Calculate the greatest common factor of 56 and l.
14
Let l(t) = -16*t**3 + 6*t**2 + 3*t + 1. Let x be l(3). Let a = 379 + x. What is the greatest common factor of a and 121?
11
Let c be ((-1)/(-4))/(1/16). Suppose c*q = 2*q + 24. Let s be (-126)/49*42/(-9). What is the greatest common divisor of q and s?
12
Let g be (21/12 + -1)*(53 - -19). What is the highest common divisor of 34 and g?
2
Suppose -405 + 1111 = 4*l - 5234. Calculate the greatest common factor of 605 and l.
55
Let b(i) = 13*i**2 + 5*i + 82. Let w be b(-20). Suppose -3*u - 3*v = -4104, -5*u + 5*v + 1698 + w = 0. What is the greatest common factor of 28 and u?
28
Let n = 94 - 92. Let o be 7 - 0 - 3 - 4. Suppose h = -o*h + n. Calculate the highest common factor of h and 10.
2
Let r be 2*(-36)/192 - (-280678)/16. What is the highest common factor of 179 and r?
179
Suppose 1375 = -10*n + 5325. Let x = 404 - n. What is the greatest common divisor of x and 18?
9
Let o(m) = -22*m**3 + 1 + 12*m**3 + 9*m**3 - 5*m**2 + 4*m**2 - m. Let q be o(-1). Calculate the greatest common factor of 27 and q.
1
Let y = 3085 + 243. Suppose -29*x = -13*x - y. What is the highest common factor of 32 and x?
16
Let w = 9447 + -8999. What is the greatest common divisor of w and 434?
14
Suppose -r = 2*j - 7424, 5*j = 5*r + 24653 - 6093. What is the greatest common factor of j and 48?
16
Suppose -3*c + 3 = 0, w - 4*w - 2*c + 62 = 0. Let f(u) = -73*u - 37 + 39*u + 31*u. Let y be f(-14). What is the highest common divisor of y and w?
5
Suppose 156*j - 150*j - 79 - 89 = 0. Calculate the highest common divisor of 316 and j.
4
Let f(m) = -3*m**3 - 9*m**2 - 8*m - 1. Let q be f(-2). Suppose r + q*v - 34 = 0, 2*r + v - 78 = -r. Calculate the greatest common divisor of 50 and r.
25
Let s = -777 - -5921. Calculate the greatest common divisor of 8 and s.
8
Suppose 3*c = -5*w + 2244, 0 = -w + 4*c + 458. What is the greatest common factor of w and 42?
6
Suppose -3*u = 5*b - 355, 5*b = u + 3*b - 133. Suppose 0 = -10*v - 14 - 26. Let n be 150*9/54*v/(-2). What is the highest common factor of n and u?
25
Let x(d) = 124*d - 4*d**2 + 6*d**2 - 123*d - 5. Let h be x(-8). Suppose -15*f + 20*f - h = 0. What is the greatest common divisor of f and 23?
23
Suppose 0 = -2*l - 28 - 72. Let h(r) = 33*r + 646. Let x be h(-18). Let u = x + l. What is the greatest common factor of 4 and u?
2
Suppose 12*b - 9709 = -c, -c - 2426 = 141*b - 144*b. Calculate the highest common factor of b and 4.
1
Let d be (-1)/(-1)*240/2. Suppose -12240 = 81*x - 234*x. Calculate the highest common divisor of x and d.
40
Let h be ((-924)/(-99))/(14/(-6) - -3). Let s be 2 - -23 - (0 - -2). Suppose -4*q - s = -247. What is the greatest common factor of h and q?
14
Let b be (58/4)/((-7)/6 + 1). Let o = 105 + b. Calculate the greatest common divisor of o and 288.
18
Let p = 1103 - 1084. Calculate the highest common divisor of p and 304.
19
Let v(f) = f**3 - 5*f**2 + 5*f + 6. Let a be v(3). Suppose -a*c = -15, 4*g + 8*c - 214 = 10*c. Calculate the highest common divisor of 14 and g.
14
Suppose 1478*d - 1254 = 1457*d + 174. What is the highest common divisor of 11492 and d?
68
Suppose 0 = -2*r - 6*r + 32. Suppose 28 = 8*g - r*g. Suppose g*l - 4*l = 3. Calculate the greatest common factor of l and 1.
1
Let u be (-4)/((-20)/21) - 3/15. Let i be -1 + (-289)/(-3) - 30/(-45). Calculate the highest common factor of i and u.
4
Let s(a) = 228*a - 140. Let o be s(5). Suppose 991*v = o*v - 27. Suppose -3*z - 3 = 0, -4*g + 2*z + 119 = -g. What is the highest common divisor of g and v?
3
Let c = -20204 - -20254. What is the greatest common divisor of 74 and c?
2
Let j = -55 - -295. Let d = j - 229. What is the greatest common divisor of d and 396?
11
Let i = 43 - 41. Suppose -65 = -5*g + i*q, -5*g - q + 58 + 7 = 0. Let v = 76 + -63. What is the highest common factor of g and v?
13
Let j be 2/3 - 246/(-9). Suppose 0 = 22*m - 23*m - 7. Let i(n) = 5*n**2 + 35*n + 28. Let v be i(m). Calculate the greatest common divisor of v and j.
28
Suppose 125*s - 298 = 127*s. Let f = s + 155. What is the highest common factor of 14 and f?
2
Suppose -2*u - 1378 = -j, 2*u - 1110 - 280 = -j. Calculate the highest common factor of 8 and j.
8
Let a be -6 + (-8)/((-16)/1650). Calculate the greatest common divisor of 52 and a.
13
Suppose 12 = 16*g - 118 - 446. Suppose 0 = -5*o + 2*d + 42, -5*o + 9*d - 4*d + 45 = 0. What is the highest common factor of o and g?
4
Let t be 3*(-4 - -8)/(-2). Let g be ((-506)/(-6))/(t/(-18)). Suppose -107*z = -109*z + 46. What is the greatest common factor of g and z?
23
Let w(z) = 2*z**3 + 14*z**2 - 7*z - 15. Let y be w(-7). Suppose 0 = -y*j + 37*j - 24. Let s be -2*(4 + (-3 - 3)). What is the highest common factor of s and j?
4
Let m = 40 - -110. Suppose 0 = -0*d + 10*d + m. Let o = d + 36. Calculate the greatest common factor of 14 and o.
7
Let c be 41 + 4/2*(-20 - (-490)/20). Suppose -3*x + 2*f = -2840, 0 = 2*x + 2*f - 1632 - 278. Calculate the highest common divisor of c and x.
50
Let o be (-832)/312*12/8*(-8 + 1). Let f(h) = -1009*h**3 - 2*h**2 + 1. Let d be f(-1). What is the highest common divisor of o and d?
28
Suppose -2*t - 14*o - 5 = -11*o, 5 = -o. Let h(y) = 37*y - 150. Let r be h(t). Suppose 0 = -p + 14 - 0. What is the greatest common factor of r and p?
7
Let p be 18/1*(-109)/(-2). Let l = p - 387. Calculate the highest common divisor of 22 and l.
22
Let j be ((-25)/(-5) - 2)*1. Let d be (372/9)/4*j. What is the greatest common divisor of 2 and d?
1
Suppose -39*q + 5538 = 5*b - 42*q, 5*q = -3*b + 3282. What is the greatest common factor of 